{"id":473,"date":"2024-03-05T18:05:37","date_gmt":"2024-03-05T17:05:37","guid":{"rendered":"https:\/\/jenna-piscines.com\/?page_id=473"},"modified":"2024-03-26T23:34:35","modified_gmt":"2024-03-26T22:34:35","slug":"a-propos-de-jenna","status":"publish","type":"page","link":"https:\/\/jenna-piscines.com\/index.php\/a-propos-de-jenna\/","title":{"rendered":"A propos de Jenna"},"content":{"rendered":"\n<p>Situ\u00e9e \u00e0 GRAMAT, au coeur du Lot (46), la soci\u00e9t\u00e9 <em><strong>Jenna piscines<\/strong><\/em> a \u00e9t\u00e9 cr\u00e9\u00e9e par Jennifer Mogno, pisciniste professionnelle.<\/p>\n\n\n\n<p>Passionn\u00e9e de piscine, et ayant fait de ce milieu son domaine de pr\u00e9dilection avec plus de 8 ans d&rsquo;exp\u00e9rience dans le sud de la France, Jenna piscines saura r\u00e9pondre \u00e0 vos attentes.<\/p>\n\n\n\n<p>Sa priorit\u00e9 est de mettre en oeuvre son savoir-faire au service de ses clients, afin d&rsquo;apporter confort de vie et s\u00e9r\u00e9nit\u00e9, avec une disponibilit\u00e9 de 7j\/7 pendant la p\u00e9riode estivale.<\/p>\n\n\n\n<p><\/p>\n","protected":false},"excerpt":{"rendered":"<p>Situ\u00e9e \u00e0 GRAMAT, au coeur du Lot (46), la soci\u00e9t\u00e9 Jenna piscines a \u00e9t\u00e9 cr\u00e9\u00e9e par Jennifer Mogno, pisciniste professionnelle. Passionn\u00e9e de piscine, et ayant fait de ce milieu son domaine de pr\u00e9dilection avec plus de 8 ans d&rsquo;exp\u00e9rience dans le sud de la France, Jenna piscines saura r\u00e9pondre \u00e0 vos attentes. Sa priorit\u00e9 est&hellip;&nbsp;<a href=\"https:\/\/jenna-piscines.com\/index.php\/a-propos-de-jenna\/\" rel=\"bookmark\">Lire la suite &raquo;<span class=\"screen-reader-text\">A propos de Jenna<\/span><\/a><\/p>\n","protected":false},"author":1,"featured_media":440,"parent":0,"menu_order":0,"comment_status":"closed","ping_status":"closed","template":"","meta":{"neve_meta_sidebar":"","neve_meta_container":"","neve_meta_enable_content_width":"","neve_meta_content_width":0,"neve_meta_title_alignment":"","neve_meta_author_avatar":"","neve_post_elements_order":"","neve_meta_disable_header":"","neve_meta_disable_footer":"","neve_meta_disable_title":"","footnotes":""},"class_list":["post-473","page","type-page","status-publish","has-post-thumbnail","hentry"],"yoast_head":"<!-- This site is optimized with the Yoast SEO plugin v27.4 - https:\/\/yoast.com\/product\/yoast-seo-wordpress\/ -->\n<title>A propos de Jenna - Jenna Piscines<\/title>\n<meta name=\"description\" content=\"Situ\u00e9e au c\u0153ur du Lot (46), la soci\u00e9t\u00e9 Jenna piscines est bas\u00e9e sur Gramat. Passionn\u00e9e de la piscine, je me suis perfectionn\u00e9e dans le sud\" \/>\n<meta name=\"robots\" content=\"index, follow, max-snippet:-1, max-image-preview:large, max-video-preview:-1\" \/>\n<link rel=\"canonical\" href=\"https:\/\/jenna-piscines.com\/index.php\/a-propos-de-jenna\/\" \/>\n<meta property=\"og:locale\" content=\"fr_FR\" \/>\n<meta property=\"og:type\" content=\"article\" \/>\n<meta property=\"og:title\" content=\"A propos de Jenna - Jenna Piscines\" \/>\n<meta property=\"og:description\" content=\"Situ\u00e9e au c\u0153ur du Lot (46), la soci\u00e9t\u00e9 Jenna piscines est bas\u00e9e sur Gramat. Passionn\u00e9e de la piscine, je me suis perfectionn\u00e9e dans le sud\" \/>\n<meta property=\"og:url\" content=\"https:\/\/jenna-piscines.com\/index.php\/a-propos-de-jenna\/\" \/>\n<meta property=\"og:site_name\" content=\"Jenna Piscines\" \/>\n<meta property=\"article:publisher\" content=\"https:\/\/www.facebook.com\/jennapiscines\" \/>\n<meta property=\"article:modified_time\" content=\"2024-03-26T22:34:35+00:00\" \/>\n<meta property=\"og:image\" content=\"https:\/\/jenna-piscines.com\/wp-content\/uploads\/2024\/02\/pexels-kindel-media-9044050-2-scaled.jpg\" \/>\n\t<meta property=\"og:image:width\" content=\"2560\" \/>\n\t<meta property=\"og:image:height\" content=\"1440\" \/>\n\t<meta property=\"og:image:type\" content=\"image\/jpeg\" \/>\n<meta name=\"twitter:card\" content=\"summary_large_image\" \/>\n<meta name=\"twitter:label1\" content=\"Dur\u00e9e de lecture estim\u00e9e\" \/>\n\t<meta name=\"twitter:data1\" content=\"1 minute\" \/>\n<script type=\"application\/ld+json\" class=\"yoast-schema-graph\">{\"@context\":\"https:\\\/\\\/schema.org\",\"@graph\":[{\"@type\":\"WebPage\",\"@id\":\"https:\\\/\\\/jenna-piscines.com\\\/index.php\\\/a-propos-de-jenna\\\/\",\"url\":\"https:\\\/\\\/jenna-piscines.com\\\/index.php\\\/a-propos-de-jenna\\\/\",\"name\":\"A propos de Jenna - Jenna Piscines\",\"isPartOf\":{\"@id\":\"https:\\\/\\\/jenna-piscines.com\\\/#website\"},\"primaryImageOfPage\":{\"@id\":\"https:\\\/\\\/jenna-piscines.com\\\/index.php\\\/a-propos-de-jenna\\\/#primaryimage\"},\"image\":{\"@id\":\"https:\\\/\\\/jenna-piscines.com\\\/index.php\\\/a-propos-de-jenna\\\/#primaryimage\"},\"thumbnailUrl\":\"https:\\\/\\\/jenna-piscines.com\\\/wp-content\\\/uploads\\\/2024\\\/02\\\/pexels-kindel-media-9044050-2-scaled.jpg\",\"datePublished\":\"2024-03-05T17:05:37+00:00\",\"dateModified\":\"2024-03-26T22:34:35+00:00\",\"description\":\"Situ\u00e9e au c\u0153ur du Lot (46), la soci\u00e9t\u00e9 Jenna piscines est bas\u00e9e sur Gramat. Passionn\u00e9e de la piscine, je me suis perfectionn\u00e9e dans le sud\",\"breadcrumb\":{\"@id\":\"https:\\\/\\\/jenna-piscines.com\\\/index.php\\\/a-propos-de-jenna\\\/#breadcrumb\"},\"inLanguage\":\"fr-FR\",\"potentialAction\":[{\"@type\":\"ReadAction\",\"target\":[\"https:\\\/\\\/jenna-piscines.com\\\/index.php\\\/a-propos-de-jenna\\\/\"]}]},{\"@type\":\"ImageObject\",\"inLanguage\":\"fr-FR\",\"@id\":\"https:\\\/\\\/jenna-piscines.com\\\/index.php\\\/a-propos-de-jenna\\\/#primaryimage\",\"url\":\"https:\\\/\\\/jenna-piscines.com\\\/wp-content\\\/uploads\\\/2024\\\/02\\\/pexels-kindel-media-9044050-2-scaled.jpg\",\"contentUrl\":\"https:\\\/\\\/jenna-piscines.com\\\/wp-content\\\/uploads\\\/2024\\\/02\\\/pexels-kindel-media-9044050-2-scaled.jpg\",\"width\":2560,\"height\":1440},{\"@type\":\"BreadcrumbList\",\"@id\":\"https:\\\/\\\/jenna-piscines.com\\\/index.php\\\/a-propos-de-jenna\\\/#breadcrumb\",\"itemListElement\":[{\"@type\":\"ListItem\",\"position\":1,\"name\":\"Accueil\",\"item\":\"https:\\\/\\\/jenna-piscines.com\\\/\"},{\"@type\":\"ListItem\",\"position\":2,\"name\":\"A propos de Jenna\"}]},{\"@type\":\"WebSite\",\"@id\":\"https:\\\/\\\/jenna-piscines.com\\\/#website\",\"url\":\"https:\\\/\\\/jenna-piscines.com\\\/\",\"name\":\"Jenna Piscines\",\"description\":\"Nagez dans le bonheur\",\"publisher\":{\"@id\":\"https:\\\/\\\/jenna-piscines.com\\\/#organization\"},\"potentialAction\":[{\"@type\":\"SearchAction\",\"target\":{\"@type\":\"EntryPoint\",\"urlTemplate\":\"https:\\\/\\\/jenna-piscines.com\\\/?s={search_term_string}\"},\"query-input\":{\"@type\":\"PropertyValueSpecification\",\"valueRequired\":true,\"valueName\":\"search_term_string\"}}],\"inLanguage\":\"fr-FR\"},{\"@type\":\"Organization\",\"@id\":\"https:\\\/\\\/jenna-piscines.com\\\/#organization\",\"name\":\"Jenna Piscines\",\"url\":\"https:\\\/\\\/jenna-piscines.com\\\/\",\"logo\":{\"@type\":\"ImageObject\",\"inLanguage\":\"fr-FR\",\"@id\":\"https:\\\/\\\/jenna-piscines.com\\\/#\\\/schema\\\/logo\\\/image\\\/\",\"url\":\"https:\\\/\\\/jenna-piscines.com\\\/wp-content\\\/uploads\\\/2020\\\/12\\\/web-agency-logo-3.png\",\"contentUrl\":\"https:\\\/\\\/jenna-piscines.com\\\/wp-content\\\/uploads\\\/2020\\\/12\\\/web-agency-logo-3.png\",\"width\":200,\"height\":200,\"caption\":\"Jenna Piscines\"},\"image\":{\"@id\":\"https:\\\/\\\/jenna-piscines.com\\\/#\\\/schema\\\/logo\\\/image\\\/\"},\"sameAs\":[\"https:\\\/\\\/www.facebook.com\\\/jennapiscines\"]}]}<\/script>\n<!-- \/ Yoast SEO plugin. -->","yoast_head_json":{"title":"A propos de Jenna - Jenna Piscines","description":"Situ\u00e9e au c\u0153ur du Lot (46), la soci\u00e9t\u00e9 Jenna piscines est bas\u00e9e sur Gramat. Passionn\u00e9e de la piscine, je me suis perfectionn\u00e9e dans le sud","robots":{"index":"index","follow":"follow","max-snippet":"max-snippet:-1","max-image-preview":"max-image-preview:large","max-video-preview":"max-video-preview:-1"},"canonical":"https:\/\/jenna-piscines.com\/index.php\/a-propos-de-jenna\/","og_locale":"fr_FR","og_type":"article","og_title":"A propos de Jenna - Jenna Piscines","og_description":"Situ\u00e9e au c\u0153ur du Lot (46), la soci\u00e9t\u00e9 Jenna piscines est bas\u00e9e sur Gramat. Passionn\u00e9e de la piscine, je me suis perfectionn\u00e9e dans le sud","og_url":"https:\/\/jenna-piscines.com\/index.php\/a-propos-de-jenna\/","og_site_name":"Jenna Piscines","article_publisher":"https:\/\/www.facebook.com\/jennapiscines","article_modified_time":"2024-03-26T22:34:35+00:00","og_image":[{"width":2560,"height":1440,"url":"https:\/\/jenna-piscines.com\/wp-content\/uploads\/2024\/02\/pexels-kindel-media-9044050-2-scaled.jpg","type":"image\/jpeg"}],"twitter_card":"summary_large_image","twitter_misc":{"Dur\u00e9e de lecture estim\u00e9e":"1 minute"},"schema":{"@context":"https:\/\/schema.org","@graph":[{"@type":"WebPage","@id":"https:\/\/jenna-piscines.com\/index.php\/a-propos-de-jenna\/","url":"https:\/\/jenna-piscines.com\/index.php\/a-propos-de-jenna\/","name":"A propos de Jenna - Jenna Piscines","isPartOf":{"@id":"https:\/\/jenna-piscines.com\/#website"},"primaryImageOfPage":{"@id":"https:\/\/jenna-piscines.com\/index.php\/a-propos-de-jenna\/#primaryimage"},"image":{"@id":"https:\/\/jenna-piscines.com\/index.php\/a-propos-de-jenna\/#primaryimage"},"thumbnailUrl":"https:\/\/jenna-piscines.com\/wp-content\/uploads\/2024\/02\/pexels-kindel-media-9044050-2-scaled.jpg","datePublished":"2024-03-05T17:05:37+00:00","dateModified":"2024-03-26T22:34:35+00:00","description":"Situ\u00e9e au c\u0153ur du Lot (46), la soci\u00e9t\u00e9 Jenna piscines est bas\u00e9e sur Gramat. Passionn\u00e9e de la piscine, je me suis perfectionn\u00e9e dans le sud","breadcrumb":{"@id":"https:\/\/jenna-piscines.com\/index.php\/a-propos-de-jenna\/#breadcrumb"},"inLanguage":"fr-FR","potentialAction":[{"@type":"ReadAction","target":["https:\/\/jenna-piscines.com\/index.php\/a-propos-de-jenna\/"]}]},{"@type":"ImageObject","inLanguage":"fr-FR","@id":"https:\/\/jenna-piscines.com\/index.php\/a-propos-de-jenna\/#primaryimage","url":"https:\/\/jenna-piscines.com\/wp-content\/uploads\/2024\/02\/pexels-kindel-media-9044050-2-scaled.jpg","contentUrl":"https:\/\/jenna-piscines.com\/wp-content\/uploads\/2024\/02\/pexels-kindel-media-9044050-2-scaled.jpg","width":2560,"height":1440},{"@type":"BreadcrumbList","@id":"https:\/\/jenna-piscines.com\/index.php\/a-propos-de-jenna\/#breadcrumb","itemListElement":[{"@type":"ListItem","position":1,"name":"Accueil","item":"https:\/\/jenna-piscines.com\/"},{"@type":"ListItem","position":2,"name":"A propos de Jenna"}]},{"@type":"WebSite","@id":"https:\/\/jenna-piscines.com\/#website","url":"https:\/\/jenna-piscines.com\/","name":"Jenna Piscines","description":"Nagez dans le bonheur","publisher":{"@id":"https:\/\/jenna-piscines.com\/#organization"},"potentialAction":[{"@type":"SearchAction","target":{"@type":"EntryPoint","urlTemplate":"https:\/\/jenna-piscines.com\/?s={search_term_string}"},"query-input":{"@type":"PropertyValueSpecification","valueRequired":true,"valueName":"search_term_string"}}],"inLanguage":"fr-FR"},{"@type":"Organization","@id":"https:\/\/jenna-piscines.com\/#organization","name":"Jenna Piscines","url":"https:\/\/jenna-piscines.com\/","logo":{"@type":"ImageObject","inLanguage":"fr-FR","@id":"https:\/\/jenna-piscines.com\/#\/schema\/logo\/image\/","url":"https:\/\/jenna-piscines.com\/wp-content\/uploads\/2020\/12\/web-agency-logo-3.png","contentUrl":"https:\/\/jenna-piscines.com\/wp-content\/uploads\/2020\/12\/web-agency-logo-3.png","width":200,"height":200,"caption":"Jenna Piscines"},"image":{"@id":"https:\/\/jenna-piscines.com\/#\/schema\/logo\/image\/"},"sameAs":["https:\/\/www.facebook.com\/jennapiscines"]}]}},"_links":{"self":[{"href":"https:\/\/jenna-piscines.com\/index.php\/wp-json\/wp\/v2\/pages\/473","targetHints":{"allow":["GET"]}}],"collection":[{"href":"https:\/\/jenna-piscines.com\/index.php\/wp-json\/wp\/v2\/pages"}],"about":[{"href":"https:\/\/jenna-piscines.com\/index.php\/wp-json\/wp\/v2\/types\/page"}],"author":[{"embeddable":true,"href":"https:\/\/jenna-piscines.com\/index.php\/wp-json\/wp\/v2\/users\/1"}],"replies":[{"embeddable":true,"href":"https:\/\/jenna-piscines.com\/index.php\/wp-json\/wp\/v2\/comments?post=473"}],"version-history":[{"count":12,"href":"https:\/\/jenna-piscines.com\/index.php\/wp-json\/wp\/v2\/pages\/473\/revisions"}],"predecessor-version":[{"id":671,"href":"https:\/\/jenna-piscines.com\/index.php\/wp-json\/wp\/v2\/pages\/473\/revisions\/671"}],"wp:featuredmedia":[{"embeddable":true,"href":"https:\/\/jenna-piscines.com\/index.php\/wp-json\/wp\/v2\/media\/440"}],"wp:attachment":[{"href":"https:\/\/jenna-piscines.com\/index.php\/wp-json\/wp\/v2\/media?parent=473"}],"curies":[{"name":"wp","href":"https:\/\/api.w.org\/{rel}","templated":true}]}}